a - 1. Give h(l).
5
Let h = 4 - 1. Let w(k) = k**3 - 2*k**2 - 5*k + 2. Let l be w(h). Let z(p) = p**2 + 3*p. What is z(l)?
4
Let d(r) = r**3 - 4*r**2 - 6*r - 4. Suppose 4*u + 3*m = 32 - 0, 4*m = 5*u - 9. What is d(u)?
-9
Let h(j) = 34*j**3 - 10*j - 7. Let d(a) = 11*a**3 - 3*a - 2. Suppose 0 = -q + 6*t - 2*t - 22, 0 = 2*q + 2*t - 6. Let n(l) = q*h(l) + 7*d(l). What is n(-1)?
-8
Let s(z) = -z**2 - 6*z - 4. Let i be s(-4). Let d be -9 + (i - 0 - 2). Let t(v) = v + 9. Let o be t(d). Let r(m) = -2*m**2 + 2*m + 2. Calculate r(o).
-2
Let y(j) = j**3 - 3*j**2 - 4*j + 3. Suppose 0 = -18*g + 102 - 30. Calculate y(g).
3
Let g(r) = r**2 - 1. Let b(w) = w**2 - 4*w + 3. Let l be b(3). Determine g(l).
-1
Let d(t) = -2*t**2 + t**2 + 0*t**2 - 2*t. Calculate d(-3).
-3
Let t(f) = f + 15. Let n be t(-7). Let r = n + -6. Let b(d) = -2 + 0*d**r + 8*d - 2*d - d**2 + 0*d. What is b(4)?
6
Let f be 4/10*-5*1. Let h = f + 2. Let u(y) be the third derivative of y**4/24 - 4*y**3/3 + 5*y**2. What is u(h)?
-8
Let g(z) = z**3 - 5*z**2 - 10*z + 31. Let h be g(6). Let n(s) = -s**3 + 6*s**2 + 5*s + 7. Calculate n(h).
-7
Let u(a) be the third derivative of a**4/6 - a**3/6 + 27*a**2. Determine u(1).
3
Suppose 0 = -10*t + 5*t - 45. Let z = 5 + t. Let i(q) = -q - 7. What is i(z)?
-3
Suppose 2*u - 5*b = 26, 0 = -8*u + 3*u + 5*b + 35. Suppose -m - 2*x - 1 = -10, 5*x - 17 = u*m. Let f(k) = 1 + 0 - m + 3*k. Determine f(2).
6
Let o(h) be the third derivative of h**6/120 - h**5/20 + h**4/24 - h**3/3 + 19*h**2. Calculate o(2).
-4
Let h = 19 - 18. Let b = 6 + -5. Let d(v) = -b + 2*v + 0*v**2 - 8*v**2 - 2*v**2. What is d(h)?
-9
Let q(f) be the second derivative of f**5/20 + f**4/2 - f**3 + 9*f**2/2 + 3*f + 5. Calculate q(-7).
2
Let c(y) = -y**2 - y - 9. Suppose -k - 4 = 4*q + k, -k = 5*q + 2. Determine c(q).
-9
Let v = -12 - -5. Let p be 25/v - 24/(-42). Let n(i) be the first derivative of i**4/4 + 5*i**3/3 + 3*i**2/2 - 3*i - 1. What is n(p)?
6
Let b(s) = s**2 - 4*s. Suppose 2*g + 11 = -3*u + 7*g, -5*g + 8 = -4*u. What is b(u)?
-3
Let l(q) = q**2 - 8*q - 6. Suppose 0 = 5*v + p - 32, -3*v + p + 10 = -6. Calculate l(v).
-18
Let m(o) = 6*o - 3. Let b = -4 + 7. Calculate m(b).
15
Let o be (1/2)/(4/(-48)). Let d(p) = 2*p**2 + 10*p + 7. Calculate d(o).
19
Let k(j) = j**3 - 9*j**2 - 6*j + 8. Let v(a) = a**3 - 10*a**2 - 7*a + 9. Let y(z) = -7*k(z) + 6*v(z). Determine y(3).
-2
Let h(o) = o**2 + o - 2. Let w be h(0). Let l(f) = -f**2 + 2*f. Calculate l(w).
-8
Let u(t) = -t**3 + 4*t**2 + 5. Let w be u(4). Suppose y - 2*y + w = 0. Let b(c) = -127*c - 2*c**2 - 4 + c**2 + 134*c. Calculate b(y).
6
Let q(o) = -3*o**2 - o - 2. Let t(c) = -2*c**2 - 2*c - 1. Let w(n) = 3*q(n) - 4*t(n). What is w(2)?
4
Let s = 0 + 2. Let b(x) = 5*x + x - x - s*x. Calculate b(-1).
-3
Suppose 4*f - 6 = -2. Let n(j) = 3*j + 0*j**3 + f + 4*j**2 - 1 + j**3. Calculate n(-2).
2
Let x(a) = -2 + 27*a - 62*a + 34*a. Give x(-4).
2
Let s(b) = -b + 8. Let j be s(6). Let c(o) be the second derivative of -1/12*o**4 + 1/6*o**3 - 1/10*o**5 + 0*o**j + 0 - 2*o. Give c(1).
-2
Suppose -5*q - 31 = -1. Let d(a) be the second derivative of a**3/6 - a**2/2 - 2*a. What is d(q)?
-7
Let h(q) = -50*q + 20. Let j(x) = -7*x + 3. Let k(b) = -2*h(b) + 15*j(b). What is k(4)?
-15
Let s(d) be the first derivative of 2*d**3/3 + d**2 - d + 4. Let z be 4/5 - (-2)/10. Calculate s(z).
3
Let z(d) = d + 2. Let f be (-3)/(-6) + 12/8. Determine z(f).
4
Let i(u) = 5*u - 2. Let r(o) = -5*o + 2. Let z(f) = -3*i(f) - 4*r(f). Calculate z(-5).
-27
Let r(l) be the first derivative of -l**2 + 4*l - 3. What is r(6)?
-8
Let u = -88 - -84. Let j(k) = -k. What is j(u)?
4
Let r(m) = -m**2 + 5*m + 4. Let k = 23 + -18. Give r(k).
4
Let l(m) be the second derivative of m**3/3 + 3*m**2 - 4*m. Give l(-4).
-2
Let h(s) = -6*s - 1. Suppose 4 - 8 = -4*z. Let b be (-2*(-3)/6)/z. What is h(b)?
-7
Let y(g) = g**2 - g - 1. Suppose -8*v - 1 = -7*v. Let o(h) = 5*h**2 - 4*h - 5. Let i(n) = v*o(n) + 4*y(n). Calculate i(-1).
0
Let n(d) = d - 5. Let c be n(5). Let x(m) = 2*m - 1. Let p(l) = -l**2 + 10*l - 19. Let g(y) = -p(y) + 5*x(y). Determine g(c).
14
Let z(n) = -n**3 + 3*n**2 + 7*n - 8. Let x(q) = -q**3 + 3*q**2 + 8*q - 9. Let f(p) = 5*x(p) - 6*z(p). Determine f(3).
-3
Let g(k) = -k**2 - 6*k + 22. Let r be g(-9). Let w be -2 + r + 4 - -4. Let z(j) = 5*j**3 + 1. Give z(w).
6
Let l(o) = o**2 + 4*o + 3. Let t be l(-2). Let u(m) = -9*m**2 - 4*m - 3. Let n(j) = -8*j**2 - 5*j - 4. Let h(f) = -4*n(f) + 5*u(f). Calculate h(t).
-12
Let x(z) be the second derivative of -z**5/5 + z**4/12 + z**3/6 + z**2/2 + 11*z. Give x(-1).
5
Let w = -14 + 18. Suppose -p - 11 = 3*a, -6 = -w*p - a + 5. Let r(c) = 5*c**2 - c - 5. Let s(l) = 4*l**2 - 2*l - 4. Let z(b) = -3*r(b) + 4*s(b). Calculate z(p).
-5
Suppose -i - 5 + 2 = 0. Let t(y) = y**3 - 4*y**2 - 4*y + 1. Let j(g) = -g + 1. Let f(n) = i*j(n) + t(n). Let w be 2/(-2) + 5/1. Give f(w).
-6
Let t be -1 - -4*3/(-6). Let w(u) = 3*u + 0 + 0. What is w(t)?
-9
Suppose -81 = -5*w + 5*c - 2*c, 34 = 2*w - 2*c. Suppose -4*m + 7 + 19 = 2*r, 29 = 5*r + m. Suppose 0*l - w = -r*l. Let d(y) = 3*y - 3. What is d(l)?
6
Suppose -l - w + 1 = 0, l - 23 = -4*l + 4*w. Let y(i) = 2*i**3 - 4 + 4*i**2 + l*i + 4 + 1. Suppose 5*d + 4*o = 2*o - 12, 2*o = 3*d + 4. Give y(d).
-5
Let g(y) = 5*y - 4*y - 2*y - 1. Determine g(2).
-3
Let k(o) = -2*o + 5. Let c be k(5). Let v(m) be the second derivative of -m - 1/12*m**4 - 5/6*m**3 + 3/2*m**2 + 0. Determine v(c).
3
Suppose a + 1 = -3*j, -3*j = 2*a + j. Let q(f) = -3*f**2 + 8*f + 2. Let p(n) = 2*n**2 - 5*n - 1. Let m(x) = 8*p(x) + 5*q(x). Calculate m(a).
6
Let x(t) = -5*t - 10. Let b(z) = z + 2. Let y(d) = -33*b(d) - 6*x(d). Calculate y(-6).
12
Suppose -z + 6 = 9. Let b(q) = 2*q**2 + 3*q - 2. What is b(z)?
7
Let h(b) = -11*b**3 + b**2 - 7*b - 4. Let d = 22 - 9. Let r(x) = 5*x**3 - x**2 + 3*x + 2. Let i(f) = d*r(f) + 6*h(f). Give i(-6).
-16
Suppose r + 4*a = 26, -3*r + 2*r + 21 = -a. Let u(m) = -3*m + 3*m - m + 26 - r. What is u(-4)?
8
Let w(b) = b**2 + 5*b - 3. Suppose -5*r = -j + 9, 0*j - 4*r = -2*j. Let h be w(j). Let m(l) = -2*l**2 + 3*l + 4. Calculate m(h).
-5
Let p be (-45)/(-12) - (-3)/12. Suppose -p*g - z = -7 - 2, g = -z. Let j(v) be the second derivative of -v**5/20 + v**4/4 - v**3/3 + 2*v**2 + v. Calculate j(g).
-2
Let c(a) = 4*a**2. Let k be c(-1). Let l(q) = -2*q + 1. Determine l(k).
-7
Let m = 2 - 1. Let d(y) = -24*y - 1. Let h(f) = -25*f. Let u(t) = -5*d(t) + 4*h(t). Let p(l) = 13*l + 3. Let b(a) = 8*p(a) - 5*u(a). Determine b(m).
3
Let d(u) = u**2 - 7*u + 1. Let x(i) = 1. Let r(n) = -n + 8. Let s(h) = -r(h) + 5*x(h). Let o be s(8). What is d(o)?
-9
Let l(t) = -8*t - 3*t**2 + t**3 + 0*t**3 + 10*t + 4. Let u(x) = 3*x**3 - 10*x**2 + 7*x + 12. Let f(y) = -11*l(y) + 4*u(y). What is f(5)?
-16
Let p(v) = -5*v**3 - 7*v**2 - v - 7. Let f(h) = -5*h**3 - 6*h**2 - h - 6. Let d(s) = -6*f(s) + 5*p(s). Let z be (-8)/(-24)*-2 + 2/(-6). Calculate d(z).
-4
Let c(j) = -j + 1. Let h be -1 + (-2 - (1 - 2)). Calculate c(h).
3
Let g be (0/(-2))/3 + 2. Let z(c) be the third derivative of c**6/60 - c**5/15 + c**4/6 - c**3/3 - 3*c**2. Determine z(g).
6
Let g(a) = 5*a - 3. Let m(p) = 14*p - 10. Let w(y) = -17*g(y) + 6*m(y). Suppose 5*v + 3*r = -13, 2*r = r + 4. Determine w(v).
-4
Let w(b) = -b**2 - 19*b - 15. Let v be w(-18). Let f(t) = t**3 - 2*t**2 - 2*t + 1. Calculate f(v).
4
Let z(q) = 2*q**2 + 5*q. Suppose 4*m - j - 2*j = 18, 4*j - 1 = -3*m. Suppose -22 = 5*x - 4*c + 6, -m*x + 3*c - 18 = 0. Determine z(x).
12
Let a(f) be the third derivative of -f**4/8 + f**3 + f**2. Let j be 2 - (3 + -1 - 0). Let c be 1 - 3 - j - -6. Determine a(c).
-6
Let w(c) = 2*c**3 - 1. Let r be ((-6)/18)/(3/9). Let t be w(r). Let v(q) = -2*q - 2. What is v(t)?
4
Let b(a) = -a**2 + 4*a - 1. Let k(f) = f**2 - 9*f + 13. Let d be k(8). Determine b(d).
-6
Let a(k) = k**2 - k. Let b(t) = -4*t**2 + 3. Let d(i) = -3*a(i) - b(i). Give d(-3).
-3
Let l(a) = -5*a - a + 3*a + 0 - a**2 + 1. Let o(z) = z**3 + 5*z**2 + 5*z + 1. Let p be o(-4). Give l(p).
1
Let v be 0/2 - (-6)/3. Let m(f) = 0 - 4 - v*f + 0. Suppose 0 = 4*r + t - 5*t + 16, -4*r + 3*t = 16. Determine m(r).
4
Let q(k) = 3*k + 5. Suppose 2*g + 3*g = 4*y + 24, 4*y = -4*g - 24. Let i = 2 + y. Give q(i).
-7
Let d(o) = -o. Suppose -z = 5*j + 33